4*a - 294. Suppose 77*q - a*q = 1160. Suppose 5*r + q = 4*n, 4*n = n - 3*r + 897. Is n a prime number?
False
Suppose 4*h = 4*m + 8*h - 319180, 0 = 2*m + h - 159596. Is m composite?
False
Let x(o) = 5*o + 44. Let g be x(-11). Is ((7 + 4)/g)/((-2)/8654) prime?
True
Let u = 140 + -138. Is (63658/(-56))/(u/(-8)) composite?
False
Let h(g) = -g**2 - 4*g + 5. Let o be h(-4). Suppose 144*j + 8 = 145*j. Suppose -j*v + o*v + 3129 = 0. Is v prime?
False
Suppose 82*n - 87*n + 21640 = 0. Suppose n = 5*y - 2477. Is y prime?
True
Let g be 4/4 - 45 - 2. Let w = -40 - g. Suppose 0 = -a + m + 105, a - 2*m = w*a - 553. Is a a prime number?
True
Suppose -j - 4*t = 14, 5*j - 41 + 11 = 5*t. Suppose j*u = -55*c + 57*c + 24396, 0 = -3*u + c + 36592. Is u a prime number?
True
Suppose -6*z + 248 = 3578. Let o = z + 1040. Is o composite?
True
Let y(q) = 3*q**2 - 7*q - 9. Let r be y(7). Suppose -3*n - 187 = 2*l, -5*n + 4*l - 256 = -n. Let i = r + n. Is i composite?
True
Let m(k) = 2*k**2 - 5*k + 65. Let w be m(20). Suppose w = -3*l + 4266. Is l composite?
True
Let o(l) = 45*l + 256. Let c be o(0). Let k = c + 207. Is k a prime number?
True
Suppose 14*x + 34906 - 215569 = -10577. Is x prime?
True
Let g be ((-3518)/12)/(28/(-168)). Let q = g + -362. Is q prime?
False
Suppose 381607 = 11*i - 269736. Suppose 16*d - 5*d = i. Is d composite?
True
Suppose -353*w + 372*w + 187872 = 0. Let u = w - -44555. Is u composite?
False
Suppose -892 - 149 = 3*t. Let g = 504 + t. Suppose g = 2*h + w, -2*h + 5*h = w + 238. Is h a composite number?
False
Suppose -28*m = -3*f - 25*m + 370908, 5*f = 2*m + 618183. Is f a composite number?
False
Let h(u) = u**3 + 27*u**2 + 7*u - 32. Let q be h(-27). Let m = 366 + q. Is m a prime number?
False
Let f = 101 + -98. Is 0 + -5 + (f - -1945) composite?
True
Suppose 2*l + 628 = -r - 2*l, -4*l + 2432 = -4*r. Let p be 6*(-115)/(-4)*r/(-45). Suppose 3*b - 2*a = -b + 3154, -3*b - 5*a = -p. Is b composite?
False
Let u(t) = 6*t**2 + 6*t - 5. Let r be u(-11). Let b = 1809 - r. Let s = b + -613. Is s a composite number?
False
Let m(c) = 223*c + 116. Let t be m(15). Suppose -1750 = -f + 11*y - 16*y, -3*y = -2*f + t. Is f a prime number?
False
Suppose 0 = -1821*c + 1806*c + 3793575. Is c composite?
True
Let s = 46 + -42. Suppose 2*f = 3*x + 77810, 7*f + 2*x = s*f + 116689. Is f composite?
True
Suppose o - 328906 = -46*o. Is o a prime number?
False
Suppose -3*b + 30 = -24. Suppose -3*p = 3*p - b. Suppose 468 = 3*r - p*t, 5*r = 2*t - 7 + 790. Is r a prime number?
True
Suppose -2*u - 2*q = -1541670, u - 5*q + 74724 - 845571 = 0. Is u composite?
False
Suppose -91*g = -44*g + 41*g - 13979416. Is g a prime number?
False
Suppose 3*h = -3*a + 73644, -2*a = 2*a + 4. Suppose -3*y = -2796 - h. Is y a composite number?
True
Suppose -3*s + 288656 = 6*s - s. Is s a composite number?
True
Let k(c) = 23524*c**2 + 492*c + 2547. Is k(-5) a prime number?
False
Suppose 0 = 875*h - 872*h - 18, 5*h - 146135 = -5*t. Is t a prime number?
True
Let s(m) = 5210*m - 765. Is s(2) a prime number?
False
Suppose -8*p + 11*p + 10653 = 0. Let w be 1 + 0 + (-1 + 0)*p. Suppose -394 = -2*v + w. Is v prime?
True
Let h(a) = -14*a - 19893. Let k(x) = -29*x - 39784. Let i(n) = -5*h(n) + 2*k(n). Is i(0) a composite number?
True
Suppose 5*q - 685885 = 4*j, 3*q + 152*j - 411531 = 149*j. Is q composite?
False
Suppose -m + 4*p - 3*p = -16, p = -4*m + 89. Suppose 14*j - m*j + 46186 = 0. Is j a composite number?
True
Let k = 563 + -513. Is k/(-10) + 8672 + -4 a prime number?
True
Let q = 51525 + -27166. Is q a prime number?
True
Let s be 5060660/154 + 9/(-21). Let n = s + -5956. Is n a composite number?
True
Suppose 2*f + 2*f - 4912 = 0. Let s = f + -749. Is s composite?
False
Is (-1)/(-6) - (-970906)/12 a composite number?
False
Let h(v) = 4*v + 7. Let m be h(0). Let k(z) = 23*z**3 - 2*z**2 + 15*z + 5. Is k(m) a composite number?
False
Suppose 3*k = -6*i + i + 349, 4*i - 452 = -4*k. Let r = -263 - k. Let n = r - -638. Is n a composite number?
True
Suppose -3*w + w = -8, -3*w - 6053 = -5*d. Let t = -696 + d. Is t a prime number?
False
Is 39/65 + (-1361104)/(-10) composite?
False
Suppose 0 = 28*d + 177 - 905. Suppose -4*w + 2*l = -23918, -2*l = -27*w + d*w + 5975. Is w prime?
True
Let a(f) = -f**2 + 12*f + 32. Let z be a(16). Let y = z - -38. Is (-2)/((-16)/1538)*(-2 + y) a composite number?
False
Let i = 199109 + -120523. Is i a composite number?
True
Suppose -199960 = -18*b + 574598. Is b a prime number?
False
Suppose -31*t = -27*t - 8. Suppose 4*z = -4*k + 3280, 7*z - t*k = 4*z + 2450. Is z prime?
False
Is 7925136/287 - (-10)/(-14) a composite number?
True
Suppose -21*a + 17*a + 18476 = 0. Suppose a = -12*m + 47. Is (22/(-6) - -2)/(1/m) a composite number?
True
Let q(a) be the first derivative of 4*a**3/3 + 20*a**2 - 7*a - 54. Is q(16) prime?
True
Suppose 3*i + 5*h = 2*i + 4273, -h = -i + 4267. Suppose -2*z - 3 + 9 = 0. Suppose 5*u + z*c - i = 0, 0 = 4*u + 6*c - 5*c - 3413. Is u a composite number?
False
Let m(j) = -23*j - 204. Let x be m(-9). Suppose 2*w + 382 = r + 3*w, 4*r + 3*w = 1532. Suppose 5*k - x*l = 4423, k - 3*l - r = 489. Is k a composite number?
False
Is (5 - (-660366)/(-10))*(-7)/((-28)/(-10)) a composite number?
False
Suppose 8*a = 32*a - 31363608. Is a a composite number?
False
Let r(m) = 7653*m + 4774. Is r(15) composite?
False
Suppose 0 = 2*b + 5*b - 38997. Let m = 4706 + b. Is m prime?
False
Let l(z) be the third derivative of z**5/15 + z**4/6 - 5*z**3/6 + 15*z**2. Let c be l(2). Suppose c*d = 10*d + 4509. Is d a composite number?
True
Let p(l) = -70*l**3 + 65*l**2 + 505*l + 23. Is p(-19) a prime number?
True
Let q be (1 + 36/(-4))/(6/(-3)). Let i be (6/q)/(21/42). Suppose -2*c - i*c = -1185. Is c a prime number?
False
Is ((1476/(-6))/3 + 3)*(2 + -9589) composite?
True
Let a(k) = 32*k**2 - 196*k - 1141. Is a(-6) prime?
True
Suppose 91*f + 21*f - 31225712 = 0. Is f prime?
True
Suppose -3*l + 471832 = 5*w + 109890, 5*w + 241253 = 2*l. Is l a prime number?
False
Suppose -618956 = -21*a - 31*a. Is a composite?
False
Let p = -20479 + 31920. Is p a prime number?
False
Suppose 0 = 4*r - 5*n - 134496, -28822 = -2*r - 3*n + 38404. Is r a composite number?
False
Suppose 441 = 3*s - c, 4*s - 5*c = 209 + 379. Is s*15379/315 + 2/15 a composite number?
False
Suppose 0 = -4*b + b - 9. Let u(y) = 4*y**2 + 8*y - 7. Let v be u(-5). Is v/((3/(-5))/b) prime?
False
Let j(x) = -7*x - 17. Let c be j(-3). Suppose -c*a + 25866 = 2*h, -16*a + 64649 = 5*h - 14*a. Is h prime?
False
Is 2705/(-35)*-401 - 24/42 a prime number?
False
Let s be ((-64)/20)/((-6)/(-15)). Let y(i) = 2 - 2 - 44*i - 11. Is y(s) a prime number?
False
Let g = -412 + 414. Suppose 0 = -g*f + 21411 - 2433. Is f a prime number?
False
Is (-1 - 4441)*(1547/26)/(-17) composite?
True
Suppose -2*b + 147993 = -72*m + 79*m, -3*b = 2*m - 222049. Is b composite?
False
Let w = 81594 + -46373. Is w prime?
True
Suppose -i + 2*b = -50969, 0 = 4*i - 0*i - 2*b - 203846. Is i a prime number?
False
Let n = -47 + 382. Suppose -1434 = -3*j + 3*q, -1099 = -3*j + 2*q + n. Is j a prime number?
False
Suppose 0 = -5*o + j + 160678, -3*o + 36148 = 3*j - 60248. Is o a composite number?
True
Suppose w + 4*m = -651, -4*w = -3*w - m + 656. Let f = 992 + w. Is f prime?
True
Suppose -m - 32 = -35. Suppose -4*j - 108 - 745 = -n, -m*n - 3*j + 2619 = 0. Is n prime?
False
Let y be ((-136)/16 + 7)*2. Is (-1)/y - 70262/(-129) a composite number?
True
Is ((-8818)/(-6))/(4/(-3744)*-24) prime?
False
Suppose 5*q - 634440 = -5*i, -5*i + 5*q + 242473 + 391897 = 0. Is i prime?
False
Suppose 72*s = -25*s + 824209. Is s a composite number?
True
Let l be -1 + 722 + (1 - 1). Let z = -1319 + 1367. Let j = l + z. Is j a prime number?
True
Suppose -3092120 - 379914 = -46*m. Is m composite?
False
Let k = 11587379 + -3942492. Is k composite?
False
Is (-5)/(3*(0 - 50/374910)) a composite number?
False
Let l(j) = 29106*j + 307. Is l(1) prime?
False
Let b be (-2)/(2 - 0) + (53 - -5109). Suppose 0 = 4*v - b - 7491. Is v a composite number?
False
Suppose 0 = 4*j + 20, -28 = 4*z + 2*j - 86. Suppose -4*r - z = -1405. Is r composite?
False
Suppose 0 = 164*b - 27566405 - 18576120 - 12452871. Is b composite?
True
Let t(n) = -n**3 - 23*n**2 + 13*n + 118. Let o be t(-25). Let a(u) = u. Let y be a(2). Is o - ((